).
1
Calculate -57 - -70 - (14 - -24).
-25
What is 0 + (11 + -13 - -1 - -1)?
0
What is -4 - (-7 - (9 + -7))?
5
Calculate 3953 - 3946 - ((-2 - -4) + 0).
5
Calculate (17 - 11) + (76 - 80).
2
Evaluate 19 - (3 + 4) - (-33 - -55).
-10
What is 0 + -1 + (-10 - (4 - (-2 - -13)))?
-4
Evaluate -5 + 19 + (-89 - -78) + (-1 - -3).
5
Evaluate (-41 - (-14 - 6)) + 11 + -3.
-13
What is the value of (2 - (-16 + 2)) + (14 - 3) + -16?
11
What is -271 + 296 + (0 - 8)?
17
What is the value of 23 - (-1 + 24 + -14)?
14
Calculate 3 - -15 - 15 - 15.
-12
9 + -5 + -2 + (-21 - 12)
-31
Evaluate -7 + (4 + 5 + -3 - -6) - 14.
-9
What is -23 + 27 + (4 - 1) + (3 - 0)?
10
What is the value of (-16 - -4 - -13) + -8 + 1 + 5?
-1
37 + -53 + (-2 - 0) + (2 - 1)
-17
What is (56 - 18) + -10 + -13?
15
-34 + (43 - 84) + 105
30
Evaluate 10 + 9 - ((2 - 0) + 4 + 2).
11
Evaluate -53 - (-47 + -36) - (-1 + 14).
17
What is -12 + -36 + -36 + 113?
29
Calculate (-7 - (-3 - (-2 + 2)) - -30) + -6.
20
-4 + 4 + 32 + -7 - (4 + 1)
20
Calculate 3 + (-5 - -1) - (110 + -92).
-19
-17 + -1 - (4 - 18)
-4
(13 - (-27 + 18)) + 11
33
11 + -4 - (8 - 4 - (-10 - 0))
-7
What is the value of -9 - -16 - (4 + (-3 - 14))?
20
5 - (52 + -57 + (0 - (-7 + 2)))
5
(0 - 19) + (-26 + 15 + 34 - 20)
-16
What is (-153 + 155 - (-17 + 2)) + 11?
28
What is -15 + 29 + (-20 - -2)?
-4
Calculate (-1 + 41 + -1 - 12) + -13.
14
4 + (7 + 7 - (24 - 16))
10
What is (-22 + 0 - -8) + (4 - -5)?
-5
Calculate (2 - 1) + 6 + -6 + 0.
1
(7 - 4) + 0 - -6
9
What is the value of 11 + (-14 - 11) + 27?
13
What is -22 - (-30 + 6) - (-2 + (-1 - 0))?
5
What is (2 + -4 - 11) + -14 + -4?
-31
-1 + -8 + 9 + (-10 - 2) + -1
-13
What is the value of -25 - ((-26 - 35) + 8)?
28
Evaluate -7 - (-1 - -1) - (15 + -12 + -3).
-7
Calculate -7 + 0 + (8 - (-11 + 7 + 13)).
-8
Evaluate 6 - (-2 - (-4 + 5 + -1) - -9).
-1
-29 - -49 - 15 - 6
-1
What is -5 + (-5 - -4 - 5) + 10?
-1
Evaluate 8 + 4 + 14 + -19.
7
26 + -27 + (6 - 2) - 11
-8
Evaluate -18 + (31 - 1) - 4.
8
Evaluate (-3 + 19 - 37) + 35.
14
What is 11 + -18 - 1 - -20?
12
What is the value of -4 + (-4 - -22) + (-39 - -38)?
13
(11 - -1) + (-44 - (-114 - -59))
23
Calculate (178 - 177) + (0 - 0).
1
Calculate -1 + 21 + 14 + 22 + -29 - 5.
22
What is the value of 1 + 21 + (-212 - -201)?
11
(59 - 3) + -19 + -5
32
What is the value of (-1 - 3) + (222 - 222)?
-4
Evaluate 13 - 0 - (7 + -11 + 7 + 3).
7
What is the value of -15 + 9 + -41 + 65?
18
-11 + 31 + -16 + -8
-4
What is the value of -61 + (-18 - -49) - -22?
-8
Evaluate 0 + 6 - (5 - ((-34 - -14) + 11)).
-8
(-11 - (5 + -20)) + 5
9
Evaluate 15 + (-21 + 14 + 3 - 4).
7
What is the value of -2 + (23 - 14) + (17 - 47)?
-23
Evaluate (-1 - 4 - (44 - 44)) + (8 - 10).
-7
Evaluate -9 + -1 + -1 + 11 + 1.
1
What is 11 + 69 + -80 - (-2 - (-1 - 2))?
-1
-1 + 8 - (-5 + 6 + 3)
3
Calculate 11 - (-16 - -7 - -7 - -30).
-17
What is (-5 + (-2 - (-6 - 1)) - -7) + 0?
7
-3 - (-33 + 28 - (7 + 0))
9
What is the value of (-31 - -34 - (-3 + -3)) + -4 - 32?
-27
What is the value of -6 + -2 + (-9 - -17) - -12?
12
Calculate 7 + -1 - 0 - (36 + -40 - -6).
4
Evaluate 2 - (-22 - -8) - -3.
19
(-17 - -10 - -6) + 9 - -8
16
Calculate 4 + 4 + (-6 - -3) - -13 - 12.
6
What is the value of (812 - 835) + (-2 - -8)?
-17
-25 - (0 + -1 + (-2 - -15) + -8)
-29
-6 + 12 + -6 + (7 - 8)
-1
What is the value of (12 - 2) + -8 + (1 - 0 - 9)?
-6
Evaluate (-2 - -8) + -1 - (3 + 2 + -6).
6
3 + (11 + -1 - (101 - 96))
8
-1 - (25 + (3 - 1 - (22 - 18)))
-24
What is the value of 3 + 1 - (-18 + (24 - 10))?
8
(26 - (-8 - -14)) + -8
12
What is -25 + 11 - 4 - 6?
-24
-6 - (-17 + 6 + 3 + -4) - 2
4
-14 - 1 - -2 - -9 - (1 - -1)
-6
Calculate (-5 - (2 - 1) - 2) + -18 + 15.
-11
Evaluate (7 - (8 + -8 + -3)) + -6 + 0.
4
What is the value of -40 - ((-78 - -63) + (11 - 4))?
-32
What is 28 + (-123 - -23) - -43?
-29
Calculate (-1 - (-4 + 5)) + (-5 - (0 + -1)).
-6
Calculate 10 - (7 - -7) - 10 - (-1 + -4).
-9
What is 9 + -37 - -57 - 4?
25
What is the value of 2 + 10 - (-11 - (-12 + -2) - 3)?
12
-5 + (-63 - -72 - (22 + 1))
-19
Calculate 9 - (19 + -11 - (3 + 2)).
6
Calculate 18 + -13 + (-5 - (6 + -5)).
-1
What is the value of -2682 - -2683 - (-1 + 1 + 0 - -1)?
0
What is the value of -16 + 27 - (54 + -6) - -7?
-30
What is the value of 12 + 1 - (402 - 376)?
-13
What is the value of 10 + 0 - (1306 - 1311)?
15
What is -4 - (7 + 3 + -10 - 6)?
2
What is 2 + 7 - (-5 + -5 + 2 + 1)?
16
Calculate -26 + (22 - (27 - 16)).
-15
What is the value of 27 - -1 - (-9 - (-29 + 21) - -6)?
23
What is the value of 6 + -37 + 23 - (1 + 2)?
-11
What is 3 + (-4 - 0) + 6 + 10?
15
What is (-7 - (-9 + 18)) + (5 - 3)?
-14
-17 + 3 + (4 - 2) + -2 + -6
-20
25 + -58 + 74 - 25
16
Evaluate -40 - (7 + -24) - (-10 + 0).
-13
What is 1192 + -1211 - (-1 - 27)?
9
Calculate (-2 + 1 - (30 - 24)) + 3 + -2.
-6
8 - 9 - 4 - -7
2
What is -5 - (23 - (-7 + 22) - (2 - -4))?
-7
What is the value of (-2 - 7) + 2 - (35 + -47 - -9)?
-4
Evaluate 8 - (2 - (-17 - -9)).
-2
1 + 4 + (12 + -21 - 3)
-7
What is the value of -28 + 5 + 48 + -17?
8
Evaluate 0 - (0 - (21 + -9 + 2)).
14
5 + -40 + (5 - -7 - 5)
-28
What is (2 - (1 + -7) - 12) + 29?
25
Calculate (44 + -22 - 29) + 4 + 1 + -1.
-3
Evaluate 13 + (5 - 10) + -3 - (-5 + -3).
13
Evaluate 113 - 115 - (-1 - (1 - 12)).
-12
9 - (70 + (-55 - -22))
-28
What is the value of (-11 + -1 - (58 - 85)) + -14?
1
What is -533 - -543 - (3 + 2 - -1)?
4
Calculate 28 + 0 - 11 - 12.
5
-11 + (-8 - -11 - 3) + 23
12
What is the value of (-7 - 3 - -7 - -8) + 6?
11
Evaluate 13 - (17 + -10 - 0 - 29).
35
(232 - 231) + (1 - (-7 - (2 - 3)))
8
What is 37 - 41 - ((1 - -2) + -13) - 35?
-29
Evaluate 19 + (2 + -16 - -6).
11
Calculate -15 + 50 - -16 - 43.
8
(8 - 11) + (-2 - -45 - 17)
23
Calculate (13 - 12) + 15 - ((-6 - -14) + -17).
25
What is (1 - 1) + 88 + -68?
20
Evaluate -2 + (-1 - 0) + (-289 - -292).
0
2 + (-10 - (12 - 30))
10
Evaluate -17 + (-2 - -6) - (6 - 13).
-6
0 + 8 - (87 - (-61 - -105))
-35
Calculate (12 - 0) + (29 - 8) + -4.
29
Evaluate (21 + -9 - 2) + -8 + -1 + 14.
15
What is the value of 8 + -1 - (-1 + -11 - (75 + -84))?
10
Calculate 11 - (3 + -6 + 7) - -3.
10
What is the value of -3 + (0 + 2 - (84 + -89))?
4
-9 + (0 - -39 - 26)
4
Calculate -2 - 24 - (-26 + 16) - -35.
19
What is (13 - (8 + -3 + -3)) + 30 + -21?
20
Calculate -1 + -38 - (-1118 + 1108).
-29
Evaluate 15 + -12 + 2 + (5 - 1) + 3.
12
Evaluate -13 - (-34 + 16) - 16.
-11
Calculate 22 - (-37 - -55) - (-2 - (2 - -2)).
10
-41 - -16 - (-9 - 2)
-14
Calculate 11 + 1 + (-4 - -4 - 4) + 4.
12
5 + (-8 - (10 + (-18 - (-15 + 5))))
-5
Calculate -9 - -7 - (-23 - -5).
16
What is the value of (14 - (-2 - -28 - 12)) + -23?
-23
What is the value of -7 + (-6 - 4 - (-9 - -7))?
-15
What is -1 + (4 + -8 - (6 - 11)) + -2?
-2
Evaluate 7 + -9 - (-4 - (1 - 0)) - 24.
-21
What is 2 + -2 + 3 + 4 + 7 + -8?
6
What is 1 + 0 + -6 + -8 + 11 + -6?
-8
What is the value of 0 + -1 + (169 - 161)?
7
Calculate 9 + -540 + 535 + (-2 - -2) + 2.
6
Evaluate -1 + 14 + 42 + -24 + -29 - 4.
-2
Calculate -19 - (13 + (2 - (-5 + 6))).
-33
What is the value of 27 + (14 + -13 - 7) + -11?
10
What is the value of -16 - -42 - -23 - 32?
17
What is the value of (-14 + 18 - (-1 + 4) - -5) + -5?
1
What is (-10 - -9) + -1 + -7 + 10 + -12?
-11
7 + -10 + 9 + 7 + -14
-1
Calculate -5 + (-12 - (-31 + 13)).
1
-128 - -61 - -55 - (1 + 0 + -4)
-9
10 - -3 - 8 - -5
10
Evaluate (-43 - (-75 - -39)) + (1 - (0 - 1)).
-5
Calculate 2 + (21 - 19 - (5 + 2 - -7)).
-10
Evaluate 9 + (-27 - -14) - 0 - 6.
-10
What is the value of 7 - ((-5 - -13) + -4)?
3
Calculate 2 - (7 + -5) - 8 - -7.
-1
10 - (14 - 0 - -3 - 23)
16
Calculate -52 + 4 + (-1 - -1 - -9).
-39
(9 - (19 - 8)) + (-1 - (-6 - -13))
-10
What is the value of (5 - 8) + 21 + -17 - (0 - -35)?
-34
-11 - -9 - (14 + -19 - (2 - 0))
5
Evaluate -16 - (2 + -18) - 4.
-4
Calculate (-9 - (-27 + -1) - 1) + -4 + -1.
13
What is the value of 20 - 6 - 21 - -1?
-6
What is the value of -1 - (-3 + -1) - (-107 + 111) - -15?
14
What is 5 - (30 + (-52 - -28))?
-1
Evaluate 109 - 96 - (24 - -2).
-13
What is the value of 1 + -5 + 1 - 1 - 0 - -2?
-2
Evaluate 10 + -25 + -7 + 14 + (0 - -8).
0
-2 - 4 - 0 - (-7 + -8 - 3)
12
Evaluate -9 + -7 + (35 - 23).
-4
Evaluate -16 + 1 + -1 - -17 - 21.
-20
Evaluate (-1 - 2) + (18 - 8 - 7 - -4).
4
Evaluate (5 + 22 - 56) + 11.
-18
Evaluate -11 - (4 + -2 + (-20 - -11) 